{"id":3680,"date":"2022-10-23T16:01:09","date_gmt":"2022-10-23T16:01:09","guid":{"rendered":"https:\/\/wp.mehedidb.com\/utech\/?page_id=3680"},"modified":"2024-01-05T18:37:08","modified_gmt":"2024-01-05T18:37:08","slug":"sobre-nosotros","status":"publish","type":"page","link":"https:\/\/fundacionpreciosa.com\/index.php\/sobre-nosotros\/","title":{"rendered":"2 Sobre nosotros"},"content":{"rendered":"\t\t<div data-elementor-type=\"wp-page\" data-elementor-id=\"3680\" class=\"elementor elementor-3680\">\n\t\t\t\t\t\t\t\t\t<section class=\"elementor-section elementor-top-section elementor-element elementor-element-18e8658 elementor-section-height-min-height elementor-section-boxed elementor-section-height-default elementor-section-items-middle\" data-id=\"18e8658\" data-element_type=\"section\" data-settings=\"{&quot;background_background&quot;:&quot;classic&quot;}\">\n\t\t\t\t\t\t\t<div class=\"elementor-background-overlay\"><\/div>\n\t\t\t\t\t\t\t<div class=\"elementor-container elementor-column-gap-default\">\n\t\t\t\t\t<div class=\"elementor-column elementor-col-100 elementor-top-column elementor-element elementor-element-7b260e5\" data-id=\"7b260e5\" data-element_type=\"column\">\n\t\t\t<div class=\"elementor-widget-wrap elementor-element-populated\">\n\t\t\t\t\t\t\t\t<section class=\"elementor-section elementor-inner-section elementor-element elementor-element-426b484 elementor-section-content-middle elementor-section-boxed elementor-section-height-default elementor-section-height-default\" data-id=\"426b484\" data-element_type=\"section\">\n\t\t\t\t\t\t<div class=\"elementor-container elementor-column-gap-default\">\n\t\t\t\t\t<div class=\"elementor-column elementor-col-33 elementor-inner-column elementor-element elementor-element-70be869\" data-id=\"70be869\" data-element_type=\"column\">\n\t\t\t<div class=\"elementor-widget-wrap\">\n\t\t\t\t\t\t\t\t\t<\/div>\n\t\t<\/div>\n\t\t\t\t<div class=\"elementor-column elementor-col-33 elementor-inner-column elementor-element elementor-element-695260b\" data-id=\"695260b\" data-element_type=\"column\">\n\t\t\t<div class=\"elementor-widget-wrap elementor-element-populated\">\n\t\t\t\t\t\t\t\t<div class=\"elementor-element elementor-element-feebffc elementor-invisible elementor-widget elementor-widget-UltimateAreaTitle\" data-id=\"feebffc\" data-element_type=\"widget\" data-settings=\"{&quot;_animation&quot;:&quot;fadeInUp&quot;,&quot;_animation_delay&quot;:300,&quot;ultimate_floating_fx_translate_y&quot;:{&quot;unit&quot;:&quot;px&quot;,&quot;size&quot;:&quot;&quot;,&quot;sizes&quot;:[]}}\" data-widget_type=\"UltimateAreaTitle.default\">\n\t\t\t\t<div class=\"elementor-widget-container\">\n\t\t\t<div class=\"area__content\">\t\t\t\r\n\t\t\t\t\r\n\t\t\t\t<div class=\"area__subtitle\">Sobre nosotros<\/div><div class=\"area__title\"><h1>Experiencia orientada a la investigaci\u00f3n<\/h1>\n<\/div>\r\n\t\t\t\t<div class=\"area__description\"><p>Nuestro equipo tiene una larga trayectoria en proyectos de investigaci\u00f3n y tiene la capacidad de asesorarte en todo el proceso.<\/p>\n<\/div>\r\n\t\t\t\t<\/div>\t\t<\/div>\n\t\t\t\t<\/div>\n\t\t\t\t\t<\/div>\n\t\t<\/div>\n\t\t\t\t<div class=\"elementor-column elementor-col-33 elementor-inner-column elementor-element elementor-element-679fefe\" data-id=\"679fefe\" data-element_type=\"column\">\n\t\t\t<div class=\"elementor-widget-wrap\">\n\t\t\t\t\t\t\t\t\t<\/div>\n\t\t<\/div>\n\t\t\t\t\t\t\t<\/div>\n\t\t<\/section>\n\t\t\t\t\t<\/div>\n\t\t<\/div>\n\t\t\t\t\t\t\t<\/div>\n\t\t<\/section>\n\t\t\t\t<section class=\"elementor-section elementor-top-section elementor-element elementor-element-67003c8 elementor-section-boxed elementor-section-height-default elementor-section-height-default\" data-id=\"67003c8\" data-element_type=\"section\" data-settings=\"{&quot;background_background&quot;:&quot;classic&quot;}\">\n\t\t\t\t\t\t<div class=\"elementor-container elementor-column-gap-default\">\n\t\t\t\t\t<div class=\"elementor-column elementor-col-100 elementor-top-column elementor-element elementor-element-f5416cf\" data-id=\"f5416cf\" data-element_type=\"column\">\n\t\t\t<div class=\"elementor-widget-wrap elementor-element-populated\">\n\t\t\t\t\t\t\t\t<section class=\"elementor-section elementor-inner-section elementor-element elementor-element-86a0b22 elementor-section-content-middle elementor-section-boxed elementor-section-height-default elementor-section-height-default\" data-id=\"86a0b22\" data-element_type=\"section\">\n\t\t\t\t\t\t<div class=\"elementor-container elementor-column-gap-default\">\n\t\t\t\t\t<div class=\"elementor-column elementor-col-50 elementor-inner-column elementor-element elementor-element-a4467fa\" data-id=\"a4467fa\" data-element_type=\"column\">\n\t\t\t<div class=\"elementor-widget-wrap elementor-element-populated\">\n\t\t\t\t\t\t\t\t<div class=\"elementor-element elementor-element-def8d7f elementor-invisible elementor-widget elementor-widget-image\" data-id=\"def8d7f\" data-element_type=\"widget\" data-settings=\"{&quot;_animation&quot;:&quot;fadeInUp&quot;,&quot;_animation_delay&quot;:300,&quot;ultimate_floating_fx_translate_y&quot;:{&quot;unit&quot;:&quot;px&quot;,&quot;size&quot;:&quot;&quot;,&quot;sizes&quot;:[]}}\" data-widget_type=\"image.default\">\n\t\t\t\t<div class=\"elementor-widget-container\">\n\t\t\t<style>\/*! elementor - v3.18.0 - 20-12-2023 *\/\n.elementor-widget-image{text-align:center}.elementor-widget-image a{display:inline-block}.elementor-widget-image a img[src$=\".svg\"]{width:48px}.elementor-widget-image img{vertical-align:middle;display:inline-block}<\/style>\t\t\t\t\t\t\t\t\t\t\t\t<img fetchpriority=\"high\" decoding=\"async\" width=\"1920\" height=\"1280\" src=\"https:\/\/fundacionpreciosa.com\/wp-content\/uploads\/2024\/01\/header-contacto.jpg\" class=\"attachment-full size-full wp-image-4353\" alt=\"\" srcset=\"https:\/\/fundacionpreciosa.com\/wp-content\/uploads\/2024\/01\/header-contacto.jpg 1920w, https:\/\/fundacionpreciosa.com\/wp-content\/uploads\/2024\/01\/header-contacto-300x200.jpg 300w, https:\/\/fundacionpreciosa.com\/wp-content\/uploads\/2024\/01\/header-contacto-1024x683.jpg 1024w, https:\/\/fundacionpreciosa.com\/wp-content\/uploads\/2024\/01\/header-contacto-768x512.jpg 768w, https:\/\/fundacionpreciosa.com\/wp-content\/uploads\/2024\/01\/header-contacto-1536x1024.jpg 1536w, https:\/\/fundacionpreciosa.com\/wp-content\/uploads\/2024\/01\/header-contacto-495x330.jpg 495w, https:\/\/fundacionpreciosa.com\/wp-content\/uploads\/2024\/01\/header-contacto-270x180.jpg 270w, https:\/\/fundacionpreciosa.com\/wp-content\/uploads\/2024\/01\/header-contacto-800x533.jpg 800w\" sizes=\"(max-width: 1920px) 100vw, 1920px\" \/>\t\t\t\t\t\t\t\t\t\t\t\t\t\t\t<\/div>\n\t\t\t\t<\/div>\n\t\t\t\t\t<\/div>\n\t\t<\/div>\n\t\t\t\t<div class=\"elementor-column elementor-col-50 elementor-inner-column elementor-element elementor-element-af0253a\" data-id=\"af0253a\" data-element_type=\"column\">\n\t\t\t<div class=\"elementor-widget-wrap elementor-element-populated\">\n\t\t\t\t\t\t\t\t<div class=\"elementor-element elementor-element-6ad1da3 elementor-invisible elementor-widget elementor-widget-UltimateAreaTitle\" data-id=\"6ad1da3\" data-element_type=\"widget\" data-settings=\"{&quot;_animation&quot;:&quot;fadeInUp&quot;,&quot;_animation_delay&quot;:300,&quot;ultimate_floating_fx_translate_y&quot;:{&quot;unit&quot;:&quot;px&quot;,&quot;size&quot;:&quot;&quot;,&quot;sizes&quot;:[]}}\" data-widget_type=\"UltimateAreaTitle.default\">\n\t\t\t\t<div class=\"elementor-widget-container\">\n\t\t\t<div class=\"area__content\">\t\t\t\r\n\t\t\t\t\r\n\t\t\t\t<div class=\"area__subtitle\">PATRONOS DE LA FUNDACI\u00d3N PRECIOSA<\/div><div class=\"area__title\"><h2>La experiencia es importante para tu asesoramiento<\/h2>\n<\/div>\r\n\t\t\t\t<div class=\"area__description\"><p><strong>Presidente:<\/strong> Rafael Azagra Ledesma<br \/><strong>Vicepresidente:<\/strong> Juan Jos\u00e9 Lallave Carmona<br \/><strong>Secretaria:<\/strong> Alexandra Lallave Carmona<br \/><strong>Vocal:<\/strong> Marta Zwart Salmer\u00f3n <br \/><strong>Vocal:<\/strong> N\u00faria Puchol Ruiz<br \/><strong>Vocal:<\/strong> Emilio Jos\u00e9 P\u00e9rez S\u00e1nchez<\/p>\n<\/div>\r\n\t\t\t\t<\/div>\t\t<\/div>\n\t\t\t\t<\/div>\n\t\t\t\t\t<\/div>\n\t\t<\/div>\n\t\t\t\t\t\t\t<\/div>\n\t\t<\/section>\n\t\t\t\t\t<\/div>\n\t\t<\/div>\n\t\t\t\t\t\t\t<\/div>\n\t\t<\/section>\n\t\t\t\t\t\t\t<\/div>\n\t\t","protected":false},"excerpt":{"rendered":"<p>Sobre nosotros Experiencia orientada a la investigaci\u00f3n Nuestro equipo tiene una larga trayectoria en proyectos de investigaci\u00f3n y tiene la [&hellip;]<\/p>\n","protected":false},"author":1,"featured_media":0,"parent":0,"menu_order":0,"comment_status":"closed","ping_status":"closed","template":"template\/composer.php","meta":{"footnotes":""},"_links":{"self":[{"href":"https:\/\/fundacionpreciosa.com\/index.php\/wp-json\/wp\/v2\/pages\/3680"}],"collection":[{"href":"https:\/\/fundacionpreciosa.com\/index.php\/wp-json\/wp\/v2\/pages"}],"about":[{"href":"https:\/\/fundacionpreciosa.com\/index.php\/wp-json\/wp\/v2\/types\/page"}],"author":[{"embeddable":true,"href":"https:\/\/fundacionpreciosa.com\/index.php\/wp-json\/wp\/v2\/users\/1"}],"replies":[{"embeddable":true,"href":"https:\/\/fundacionpreciosa.com\/index.php\/wp-json\/wp\/v2\/comments?post=3680"}],"version-history":[{"count":15,"href":"https:\/\/fundacionpreciosa.com\/index.php\/wp-json\/wp\/v2\/pages\/3680\/revisions"}],"predecessor-version":[{"id":4398,"href":"https:\/\/fundacionpreciosa.com\/index.php\/wp-json\/wp\/v2\/pages\/3680\/revisions\/4398"}],"wp:attachment":[{"href":"https:\/\/fundacionpreciosa.com\/index.php\/wp-json\/wp\/v2\/media?parent=3680"}],"curies":[{"name":"wp","href":"https:\/\/api.w.org\/{rel}","templated":true}]}}